{"id":62,"date":"2021-04-06T10:45:38","date_gmt":"2021-04-06T08:45:38","guid":{"rendered":"https:\/\/blog.kocherscheidt.org\/?page_id=62"},"modified":"2023-02-05T07:17:12","modified_gmt":"2023-02-05T06:17:12","slug":"mein-youtube-channel","status":"publish","type":"page","link":"https:\/\/www.fast-lebenszeichnend.de\/?page_id=62","title":{"rendered":"Mein YouTube-Channel"},"content":{"rendered":"\n<p>In der Pandemie habe ich 2020 damit begonnen vor lauter Langeweile einen YouTube-Kanal zu basteln. Eigentlich war ich interessiert, wie das geht und ob das schwierig ist, weil mein Sohn sp\u00e4ter Youtuber werden will. Da musste ich mich notgedrungen informieren.<\/p>\n\n\n\n<div class=\"wp-block-columns is-layout-flex wp-container-core-columns-is-layout-28f84493 wp-block-columns-is-layout-flex\">\n<div class=\"wp-block-column is-layout-flow wp-block-column-is-layout-flow\">\n<figure class=\"wp-block-embed is-type-video is-provider-youtube wp-block-embed-youtube wp-embed-aspect-16-9 wp-has-aspect-ratio\"><div class=\"wp-block-embed__wrapper\">\n<iframe loading=\"lazy\" title=\"La\u0301grima   Ta\u0301rrega\" width=\"500\" height=\"281\" src=\"https:\/\/www.youtube.com\/embed\/8hq18Pljw40?feature=oembed\" frameborder=\"0\" allow=\"accelerometer; autoplay; clipboard-write; encrypted-media; gyroscope; picture-in-picture; web-share\" referrerpolicy=\"strict-origin-when-cross-origin\" allowfullscreen><\/iframe>\n<\/div><figcaption class=\"wp-element-caption\">Ein wirklich wundersch\u00f6nes Preludio von Francisco T\u00e1rrega. Eines der Dinge, die sich mit der Pandemie f\u00fcr mich ver\u00e4ndert haben: ich gehe weniger Laufen, daf\u00fcr \u00fcbe ich jetzt regelm\u00e4\u00dfig Gitarre. Ein Profi werde ich nie, aber ich merke meine pers\u00f6nliche Verbesserung. Die Geschichte des St\u00fccks ist traurig. T\u00e1rrega verarbeitet darin den Tod seiner Tocher Conchita im Dezember 1891. Nach der R\u00fcckkkehr von einer Konzertreise auf Mallorca, berichtet ihm seine Frau, dass Conchita drei Tage zuvor verstarb. Das St\u00fcck beginnt in E-Dur und die sch\u00f6ne, warme Melodie steht f\u00fcr Erinnerungen an seine Tochter. Der zweite Teil in e-Moll ist Ausdruck seiner Trauer. Quelle zur Geschichte: <a rel=\"noreferrer noopener\" href=\"https:\/\/www.youtube.com\/redirect?event=video_description&amp;redir_token=QUFFLUhqbW1MNTRtNEtXXzc3Z0NxWWUtX2pmYzZSOEk4d3xBQ3Jtc0trNXllRkNxa0NCSFN2NVprZ2w4NjlLVWxkVlFaNk9Ka3pCTjMtRzE2S0MwbmVoUFNNcHBQQVBsWEFPVm1NdWJjNU9JNW9HYzEzUnBVQVRDME9sMnVER1A0bFVaQnRKTE5UaFJzWWRnY3FnYVFhNTZzUQ&amp;q=https%3A%2F%2Fwww.kazu-classicalguitar.co.uk%2Fes%2Fensayos%2Ffrancisco-tarrega%2Fpreludio-mi-mayor-una-lagrima%23%3A%7E%3Atext%3DSeg%25C3%25BAn%2520una%2520leyenda%252C%2520%2522Una%2520L%25C3%25A1grima%2Chab%25C3%25ADa%2520muerto%2520hac%25C3%25ADa%2520tres%2520d%25C3%25ADas&amp;v=8hq18Pljw40\" target=\"_blank\">https:\/\/www.kazu-classicalguitar.co.u&#8230;<\/a>.<\/figcaption><\/figure>\n<\/div>\n<\/div>\n\n\n\n<div class=\"wp-block-columns is-layout-flex wp-container-core-columns-is-layout-28f84493 wp-block-columns-is-layout-flex\">\n<div class=\"wp-block-column is-layout-flow wp-block-column-is-layout-flow\">\n<figure class=\"wp-block-embed is-type-video is-provider-youtube wp-block-embed-youtube wp-embed-aspect-16-9 wp-has-aspect-ratio\"><div class=\"wp-block-embed__wrapper\">\n<iframe loading=\"lazy\" title=\"Adventsspaziergang Walldorf\" width=\"500\" height=\"281\" src=\"https:\/\/www.youtube.com\/embed\/LKIZvS5GovY?feature=oembed\" frameborder=\"0\" allow=\"accelerometer; autoplay; clipboard-write; encrypted-media; gyroscope; picture-in-picture; web-share\" referrerpolicy=\"strict-origin-when-cross-origin\" allowfullscreen><\/iframe>\n<\/div><figcaption class=\"wp-element-caption\">Ein Adventsspaziergang durch Walldorf.<\/figcaption><\/figure>\n<\/div>\n\n\n\n<div class=\"wp-block-column is-layout-flow wp-block-column-is-layout-flow\">\n<figure class=\"wp-block-embed is-type-video is-provider-youtube wp-block-embed-youtube wp-embed-aspect-16-9 wp-has-aspect-ratio\"><div class=\"wp-block-embed__wrapper\">\n<iframe loading=\"lazy\" title=\"Dieter Kreidler - Guitar Bounce\" width=\"500\" height=\"281\" src=\"https:\/\/www.youtube.com\/embed\/4PJQ0jwoo1Q?feature=oembed\" frameborder=\"0\" allow=\"accelerometer; autoplay; clipboard-write; encrypted-media; gyroscope; picture-in-picture; web-share\" referrerpolicy=\"strict-origin-when-cross-origin\" allowfullscreen><\/iframe>\n<\/div><figcaption class=\"wp-element-caption\">Guitar Bounce von Dieter Kreidler<\/figcaption><\/figure>\n<\/div>\n\n\n\n<div class=\"wp-block-column is-layout-flow wp-block-column-is-layout-flow\">\n<figure class=\"wp-block-embed is-type-video is-provider-youtube wp-block-embed-youtube wp-embed-aspect-16-9 wp-has-aspect-ratio\"><div class=\"wp-block-embed__wrapper\">\n<iframe loading=\"lazy\" title=\"Joachim Ringelnatz - U\u0308berall\" width=\"500\" height=\"281\" src=\"https:\/\/www.youtube.com\/embed\/U25qiH9RrLA?feature=oembed\" frameborder=\"0\" allow=\"accelerometer; autoplay; clipboard-write; encrypted-media; gyroscope; picture-in-picture; web-share\" referrerpolicy=\"strict-origin-when-cross-origin\" allowfullscreen><\/iframe>\n<\/div><figcaption class=\"wp-element-caption\">Ringelnatz &#8211; \u00dcberall<\/figcaption><\/figure>\n<\/div>\n<\/div>\n\n\n\n<div class=\"wp-block-columns is-layout-flex wp-container-core-columns-is-layout-28f84493 wp-block-columns-is-layout-flex\">\n<div class=\"wp-block-column is-layout-flow wp-block-column-is-layout-flow\">\n<figure class=\"wp-block-embed is-type-video is-provider-youtube wp-block-embed-youtube wp-embed-aspect-16-9 wp-has-aspect-ratio\"><div class=\"wp-block-embed__wrapper\">\n<iframe loading=\"lazy\" title=\"Zigeunertanz\" width=\"500\" height=\"281\" src=\"https:\/\/www.youtube.com\/embed\/Kkcziy3fNfM?feature=oembed\" frameborder=\"0\" allow=\"accelerometer; autoplay; clipboard-write; encrypted-media; gyroscope; picture-in-picture; web-share\" referrerpolicy=\"strict-origin-when-cross-origin\" allowfullscreen><\/iframe>\n<\/div><figcaption class=\"wp-element-caption\">Zigeunertanz<\/figcaption><\/figure>\n<\/div>\n\n\n\n<div class=\"wp-block-column is-layout-flow wp-block-column-is-layout-flow\">\n<figure class=\"wp-block-embed is-type-video is-provider-youtube wp-block-embed-youtube wp-embed-aspect-16-9 wp-has-aspect-ratio\"><div class=\"wp-block-embed__wrapper\">\n<iframe loading=\"lazy\" title=\"The Beatles - Lady Madonna\" width=\"500\" height=\"281\" src=\"https:\/\/www.youtube.com\/embed\/SzaJJJ55GW4?feature=oembed\" frameborder=\"0\" allow=\"accelerometer; autoplay; clipboard-write; encrypted-media; gyroscope; picture-in-picture; web-share\" referrerpolicy=\"strict-origin-when-cross-origin\" allowfullscreen><\/iframe>\n<\/div><figcaption class=\"wp-element-caption\">Lady Madonna<\/figcaption><\/figure>\n<\/div>\n\n\n\n<div class=\"wp-block-column is-layout-flow wp-block-column-is-layout-flow\">\n<figure class=\"wp-block-embed is-type-video is-provider-youtube wp-block-embed-youtube wp-embed-aspect-16-9 wp-has-aspect-ratio\"><div class=\"wp-block-embed__wrapper\">\n<iframe loading=\"lazy\" title=\"Pandemia 2020 - Fast lebenszeichnend\" width=\"500\" height=\"281\" src=\"https:\/\/www.youtube.com\/embed\/bUkrt-tG-bA?feature=oembed\" frameborder=\"0\" allow=\"accelerometer; autoplay; clipboard-write; encrypted-media; gyroscope; picture-in-picture; web-share\" referrerpolicy=\"strict-origin-when-cross-origin\" allowfullscreen><\/iframe>\n<\/div><figcaption class=\"wp-element-caption\">Pandemia 2020<\/figcaption><\/figure>\n<\/div>\n<\/div>\n\n\n\n<div class=\"wp-block-columns is-layout-flex wp-container-core-columns-is-layout-28f84493 wp-block-columns-is-layout-flex\">\n<div class=\"wp-block-column is-layout-flow wp-block-column-is-layout-flow\">\n<figure class=\"wp-block-embed is-type-video is-provider-youtube wp-block-embed-youtube wp-embed-aspect-16-9 wp-has-aspect-ratio\"><div class=\"wp-block-embed__wrapper\">\n<iframe loading=\"lazy\" title=\"Monty Python - Always look on the bright side of life\" width=\"500\" height=\"281\" src=\"https:\/\/www.youtube.com\/embed\/EidKQIyx8t0?feature=oembed\" frameborder=\"0\" allow=\"accelerometer; autoplay; clipboard-write; encrypted-media; gyroscope; picture-in-picture; web-share\" referrerpolicy=\"strict-origin-when-cross-origin\" allowfullscreen><\/iframe>\n<\/div><figcaption class=\"wp-element-caption\">Always look on the bright side of life<\/figcaption><\/figure>\n<\/div>\n\n\n\n<div class=\"wp-block-column is-layout-flow wp-block-column-is-layout-flow\">\n<figure class=\"wp-block-embed is-type-video is-provider-youtube wp-block-embed-youtube wp-embed-aspect-16-9 wp-has-aspect-ratio\"><div class=\"wp-block-embed__wrapper\">\n<iframe loading=\"lazy\" title=\"Robert Gernhardt -  Ach\" width=\"500\" height=\"281\" src=\"https:\/\/www.youtube.com\/embed\/86QvY6SVDno?feature=oembed\" frameborder=\"0\" allow=\"accelerometer; autoplay; clipboard-write; encrypted-media; gyroscope; picture-in-picture; web-share\" referrerpolicy=\"strict-origin-when-cross-origin\" allowfullscreen><\/iframe>\n<\/div><figcaption class=\"wp-element-caption\">Robert Gernhard &#8211; Ach<\/figcaption><\/figure>\n<\/div>\n\n\n\n<div class=\"wp-block-column is-layout-flow wp-block-column-is-layout-flow\">\n<figure class=\"wp-block-embed is-type-video is-provider-youtube wp-block-embed-youtube wp-embed-aspect-16-9 wp-has-aspect-ratio\"><div class=\"wp-block-embed__wrapper\">\n<iframe loading=\"lazy\" title=\"Shakespeare Sisters HELLO\" width=\"500\" height=\"281\" src=\"https:\/\/www.youtube.com\/embed\/CwOcl2ld3rc?feature=oembed\" frameborder=\"0\" allow=\"accelerometer; autoplay; clipboard-write; encrypted-media; gyroscope; picture-in-picture; web-share\" referrerpolicy=\"strict-origin-when-cross-origin\" allowfullscreen><\/iframe>\n<\/div><figcaption class=\"wp-element-caption\">Hello<\/figcaption><\/figure>\n<\/div>\n<\/div>\n\n\n\n<div class=\"wp-block-columns is-layout-flex wp-container-core-columns-is-layout-28f84493 wp-block-columns-is-layout-flex\">\n<div class=\"wp-block-column is-layout-flow wp-block-column-is-layout-flow\">\n<figure class=\"wp-block-embed is-type-video is-provider-youtube wp-block-embed-youtube wp-embed-aspect-16-9 wp-has-aspect-ratio\"><div class=\"wp-block-embed__wrapper\">\n<iframe loading=\"lazy\" title=\"Maroon5 Memories\" width=\"500\" height=\"281\" src=\"https:\/\/www.youtube.com\/embed\/3wOHKwJhPPs?feature=oembed\" frameborder=\"0\" allow=\"accelerometer; autoplay; clipboard-write; encrypted-media; gyroscope; picture-in-picture; web-share\" referrerpolicy=\"strict-origin-when-cross-origin\" allowfullscreen><\/iframe>\n<\/div><figcaption class=\"wp-element-caption\">Memories<\/figcaption><\/figure>\n<\/div>\n\n\n\n<div class=\"wp-block-column is-layout-flow wp-block-column-is-layout-flow\">\n<figure class=\"wp-block-embed is-type-video is-provider-youtube wp-block-embed-youtube wp-embed-aspect-16-9 wp-has-aspect-ratio\"><div class=\"wp-block-embed__wrapper\">\n<iframe loading=\"lazy\" title=\"Der Werwolf\" width=\"500\" height=\"281\" src=\"https:\/\/www.youtube.com\/embed\/gutnS99tCQ0?feature=oembed\" frameborder=\"0\" allow=\"accelerometer; autoplay; clipboard-write; encrypted-media; gyroscope; picture-in-picture; web-share\" referrerpolicy=\"strict-origin-when-cross-origin\" allowfullscreen><\/iframe>\n<\/div><figcaption class=\"wp-element-caption\">Der Werwolf<\/figcaption><\/figure>\n<\/div>\n\n\n\n<div class=\"wp-block-column is-layout-flow wp-block-column-is-layout-flow\">\n<figure class=\"wp-block-embed is-type-video is-provider-youtube wp-block-embed-youtube wp-embed-aspect-16-9 wp-has-aspect-ratio\"><div class=\"wp-block-embed__wrapper\">\n<iframe loading=\"lazy\" title=\"Das Yeti Gedicht\" width=\"500\" height=\"281\" src=\"https:\/\/www.youtube.com\/embed\/rAuR5_dyVms?feature=oembed\" frameborder=\"0\" allow=\"accelerometer; autoplay; clipboard-write; encrypted-media; gyroscope; picture-in-picture; web-share\" referrerpolicy=\"strict-origin-when-cross-origin\" allowfullscreen><\/iframe>\n<\/div><figcaption class=\"wp-element-caption\">Das Yeti Gedicht<\/figcaption><\/figure>\n<\/div>\n<\/div>\n","protected":false},"excerpt":{"rendered":"<p>In der Pandemie habe ich 2020 damit begonnen vor lauter Langeweile einen YouTube-Kanal zu basteln. Eigentlich war ich interessiert, wie das geht und ob das schwierig ist, weil mein Sohn sp\u00e4ter Youtuber werden will. Da musste ich mich notgedrungen informieren.<\/p>\n","protected":false},"author":1,"featured_media":0,"parent":8,"menu_order":0,"comment_status":"closed","ping_status":"closed","template":"templates\/template-full-width.php","meta":{"footnotes":""},"class_list":["post-62","page","type-page","status-publish","hentry"],"_links":{"self":[{"href":"https:\/\/www.fast-lebenszeichnend.de\/index.php?rest_route=\/wp\/v2\/pages\/62","targetHints":{"allow":["GET"]}}],"collection":[{"href":"https:\/\/www.fast-lebenszeichnend.de\/index.php?rest_route=\/wp\/v2\/pages"}],"about":[{"href":"https:\/\/www.fast-lebenszeichnend.de\/index.php?rest_route=\/wp\/v2\/types\/page"}],"author":[{"embeddable":true,"href":"https:\/\/www.fast-lebenszeichnend.de\/index.php?rest_route=\/wp\/v2\/users\/1"}],"replies":[{"embeddable":true,"href":"https:\/\/www.fast-lebenszeichnend.de\/index.php?rest_route=%2Fwp%2Fv2%2Fcomments&post=62"}],"version-history":[{"count":3,"href":"https:\/\/www.fast-lebenszeichnend.de\/index.php?rest_route=\/wp\/v2\/pages\/62\/revisions"}],"predecessor-version":[{"id":409,"href":"https:\/\/www.fast-lebenszeichnend.de\/index.php?rest_route=\/wp\/v2\/pages\/62\/revisions\/409"}],"up":[{"embeddable":true,"href":"https:\/\/www.fast-lebenszeichnend.de\/index.php?rest_route=\/wp\/v2\/pages\/8"}],"wp:attachment":[{"href":"https:\/\/www.fast-lebenszeichnend.de\/index.php?rest_route=%2Fwp%2Fv2%2Fmedia&parent=62"}],"curies":[{"name":"wp","href":"https:\/\/api.w.org\/{rel}","templated":true}]}}