{"id":361,"date":"2021-04-18T17:53:12","date_gmt":"2021-04-18T15:53:12","guid":{"rendered":"https:\/\/blog.kocherscheidt.org\/?page_id=361"},"modified":"2022-01-31T10:46:07","modified_gmt":"2022-01-31T09:46:07","slug":"erdachtes","status":"publish","type":"page","link":"https:\/\/www.fast-lebenszeichnend.de\/?page_id=361","title":{"rendered":"Erdachtes"},"content":{"rendered":"\n<div class=\"wp-block-group alignfull has-accent-background-color has-background is-layout-flow wp-block-group-is-layout-flow\">\n<div class=\"wp-block-media-text alignfull is-stacked-on-mobile has-background-color has-primary-background-color has-text-color has-background\"><figure class=\"wp-block-media-text__media\"><img loading=\"lazy\" decoding=\"async\" width=\"800\" height=\"450\" src=\"https:\/\/blog.kocherscheidt.org\/wp-content\/uploads\/2021\/04\/Synapsen.jpeg\" alt=\"\" class=\"wp-image-363 size-full\" srcset=\"https:\/\/www.fast-lebenszeichnend.de\/wp-content\/uploads\/2021\/04\/Synapsen.jpeg 800w, https:\/\/www.fast-lebenszeichnend.de\/wp-content\/uploads\/2021\/04\/Synapsen-300x169.jpeg 300w, https:\/\/www.fast-lebenszeichnend.de\/wp-content\/uploads\/2021\/04\/Synapsen-768x432.jpeg 768w, https:\/\/www.fast-lebenszeichnend.de\/wp-content\/uploads\/2021\/04\/Synapsen-500x281.jpeg 500w\" sizes=\"auto, (max-width: 800px) 100vw, 800px\" \/><\/figure><div class=\"wp-block-media-text__content\">\n<p class=\"has-large-font-size\">Gedanken fleuchen mir durch zw\u00f6lf Synapsen, <br>mehr hab ich leider nicht.<\/p>\n\n\n\n<p class=\"has-large-font-size\">Drum muss ich hier ein wenig knapsen. <br>Es wird ein Kurzgedicht<\/p>\n\n\n\n<p class=\"has-text-align-left has-small-font-size\"><em>April 2021<\/em><\/p>\n\n\n\n<p><\/p>\n\n\n\n<p class=\"has-text-align-right has-secondary-color has-text-color has-small-font-size\"><em>(Quelle Bild: https:\/\/www.paradisi.de\/anatomie\/nerven\/synapsen\/<\/em>)<\/p>\n<\/div><\/div>\n\n\n\n<div class=\"wp-block-group alignfull is-layout-flow wp-block-group-is-layout-flow\">\n<div class=\"wp-block-group has-background-color has-primary-background-color has-text-color has-background is-layout-flow wp-block-group-is-layout-flow\">\n<div class=\"wp-block-columns is-layout-flex wp-container-core-columns-is-layout-28f84493 wp-block-columns-is-layout-flex\">\n<div class=\"wp-block-column is-layout-flow wp-block-column-is-layout-flow\">\n<h2 class=\"wp-block-heading\" id=\"ponyhof\">Ponyhof&#8230;<\/h2>\n\n\n\n<figure class=\"wp-block-image alignwide size-large\"><img loading=\"lazy\" decoding=\"async\" width=\"640\" height=\"472\" src=\"https:\/\/blog.kocherscheidt.org\/wp-content\/uploads\/2021\/04\/Ponyhof.jpeg\" alt=\"Pony im Schnee\" class=\"wp-image-372\" srcset=\"https:\/\/www.fast-lebenszeichnend.de\/wp-content\/uploads\/2021\/04\/Ponyhof.jpeg 640w, https:\/\/www.fast-lebenszeichnend.de\/wp-content\/uploads\/2021\/04\/Ponyhof-300x221.jpeg 300w, https:\/\/www.fast-lebenszeichnend.de\/wp-content\/uploads\/2021\/04\/Ponyhof-500x369.jpeg 500w\" sizes=\"auto, (max-width: 640px) 100vw, 640px\" \/><figcaption>Quelle: Wikimedia Commons &#8222;<a href=\"https:\/\/commons.wikimedia.org\/wiki\/File:Alternatieve_arrenslee_met_paard_op_de_ijsbaan_Nova_Zembla_in_Spaarndam._NL-HlmNHA_54006839.JPG\">Alternatieve arrenslee met paard op de ijsbaan Nova Zembla in Spaarndam. NL-HlmNHA 54006839.JPG<\/a>&#8222;<\/figcaption><\/figure>\n<\/div>\n<\/div>\n\n\n\n<p class=\"has-subtle-background-color has-primary-background-color has-text-color has-background has-large-font-size\">Das Leben ist kein Ponyhof, so sagen es die Harten!<br>Ist mir egal, mich juckt das nicht, ich leg mich in den Garten. <br>Da lieg ich dann bei Eis und Schnee, mit einer Flasche Gin,<br>die sch\u00fctt ich dann in meinen Tee, Rum hab ich auch schon drin.<br>Und wenn ich wieder n\u00fcchtern werd, dann kauf ich mir zum Spa\u00df ein Pferd.<\/p>\n\n\n\n<p class=\"has-subtle-background-color has-primary-background-color has-text-color has-background has-large-font-size\">Vielleicht ist das ja gar nicht doof, das Leben und der Ponyhof!<\/p>\n\n\n\n<p class=\"has-text-align-right has-subtle-background-color has-primary-background-color has-text-color has-background\">GK, April 2021<\/p>\n<\/div>\n<\/div>\n\n\n\n<div class=\"wp-block-media-text alignfull has-media-on-the-right is-stacked-on-mobile has-background-color has-primary-background-color has-text-color has-background\"><figure class=\"wp-block-media-text__media\"><img loading=\"lazy\" decoding=\"async\" width=\"512\" height=\"512\" src=\"https:\/\/blog.kocherscheidt.org\/wp-content\/uploads\/2021\/04\/logo-1.png\" alt=\"\" class=\"wp-image-57 size-full\" srcset=\"https:\/\/www.fast-lebenszeichnend.de\/wp-content\/uploads\/2021\/04\/logo-1.png 512w, https:\/\/www.fast-lebenszeichnend.de\/wp-content\/uploads\/2021\/04\/logo-1-300x300.png 300w, https:\/\/www.fast-lebenszeichnend.de\/wp-content\/uploads\/2021\/04\/logo-1-150x150.png 150w\" sizes=\"auto, (max-width: 512px) 100vw, 512px\" \/><\/figure><div class=\"wp-block-media-text__content\">\n<h2 class=\"wp-block-heading\" id=\"wunschkonzert\">Wunschkonzert<\/h2>\n\n\n\n<p class=\"has-background-color has-primary-background-color has-text-color has-background has-large-font-size\">Das Leben ist kein Wunschkonzert, <br>gespielt wird meistens Schlager.<br>Wer glaubt, es k\u00f6nnte schlimmer sein,<br>es hat noch mehr auf Lager.<br><\/p>\n\n\n\n<p>To be continued<\/p>\n<\/div><\/div>\n<\/div>\n\n\n\n<div class=\"wp-block-group alignfull has-primary-background-color has-background is-layout-flow wp-block-group-is-layout-flow\"><\/div>\n","protected":false},"excerpt":{"rendered":"<p>Gedanken fleuchen mir durch zw\u00f6lf Synapsen, mehr hab ich leider nicht. Drum muss ich hier ein wenig knapsen. Es wird ein Kurzgedicht April 2021 (Quelle Bild: https:\/\/www.paradisi.de\/anatomie\/nerven\/synapsen\/) Ponyhof&#8230; Das Leben ist kein Ponyhof, so sagen es die Harten!Ist mir egal, mich juckt das nicht, ich leg mich in den Garten. Da lieg ich dann bei [&hellip;]<\/p>\n","protected":false},"author":1,"featured_media":0,"parent":0,"menu_order":0,"comment_status":"closed","ping_status":"closed","template":"","meta":{"footnotes":""},"class_list":["post-361","page","type-page","status-publish","hentry"],"_links":{"self":[{"href":"https:\/\/www.fast-lebenszeichnend.de\/index.php?rest_route=\/wp\/v2\/pages\/361","targetHints":{"allow":["GET"]}}],"collection":[{"href":"https:\/\/www.fast-lebenszeichnend.de\/index.php?rest_route=\/wp\/v2\/pages"}],"about":[{"href":"https:\/\/www.fast-lebenszeichnend.de\/index.php?rest_route=\/wp\/v2\/types\/page"}],"author":[{"embeddable":true,"href":"https:\/\/www.fast-lebenszeichnend.de\/index.php?rest_route=\/wp\/v2\/users\/1"}],"replies":[{"embeddable":true,"href":"https:\/\/www.fast-lebenszeichnend.de\/index.php?rest_route=%2Fwp%2Fv2%2Fcomments&post=361"}],"version-history":[{"count":10,"href":"https:\/\/www.fast-lebenszeichnend.de\/index.php?rest_route=\/wp\/v2\/pages\/361\/revisions"}],"predecessor-version":[{"id":401,"href":"https:\/\/www.fast-lebenszeichnend.de\/index.php?rest_route=\/wp\/v2\/pages\/361\/revisions\/401"}],"wp:attachment":[{"href":"https:\/\/www.fast-lebenszeichnend.de\/index.php?rest_route=%2Fwp%2Fv2%2Fmedia&parent=361"}],"curies":[{"name":"wp","href":"https:\/\/api.w.org\/{rel}","templated":true}]}}

<div class="wp-block-group alignfull has-accent-background-color has-background is-layout-flow wp-block-group-is-layout-flow">
<div class="wp-block-media-text alignfull is-stacked-on-mobile has-background-color has-primary-background-color has-text-color has-background"><figure class="wp-block-media-text__media"><img loading="lazy" decoding="async" width="800" height="450" src="https://blog.kocherscheidt.org/wp-content/uploads/2021/04/Synapsen.jpeg" alt="" class="wp-image-363 size-full" srcset="https://www.fast-lebenszeichnend.de/wp-content/uploads/2021/04/Synapsen.jpeg 800w, https://www.fast-lebenszeichnend.de/wp-content/uploads/2021/04/Synapsen-300x169.jpeg 300w, https://www.fast-lebenszeichnend.de/wp-content/uploads/2021/04/Synapsen-768x432.jpeg 768w, https://www.fast-lebenszeichnend.de/wp-content/uploads/2021/04/Synapsen-500x281.jpeg 500w" sizes="auto, (max-width: 800px) 100vw, 800px" /></figure><div class="wp-block-media-text__content">
<p class="has-large-font-size">Gedanken fleuchen mir durch zwölf Synapsen, <br>mehr hab ich leider nicht.</p>



<p class="has-large-font-size">Drum muss ich hier ein wenig knapsen. <br>Es wird ein Kurzgedicht</p>



<p class="has-text-align-left has-small-font-size"><em>April 2021</em></p>



<p></p>



<p class="has-text-align-right has-secondary-color has-text-color has-small-font-size"><em>(Quelle Bild: https://www.paradisi.de/anatomie/nerven/synapsen/</em>)</p>
</div></div>



<div class="wp-block-group alignfull is-layout-flow wp-block-group-is-layout-flow">
<div class="wp-block-group has-background-color has-primary-background-color has-text-color has-background is-layout-flow wp-block-group-is-layout-flow">
<div class="wp-block-columns is-layout-flex wp-container-core-columns-is-layout-28f84493 wp-block-columns-is-layout-flex">
<div class="wp-block-column is-layout-flow wp-block-column-is-layout-flow">
<h2 class="wp-block-heading" id="ponyhof">Ponyhof&#8230;</h2>



<figure class="wp-block-image alignwide size-large"><img loading="lazy" decoding="async" width="640" height="472" src="https://blog.kocherscheidt.org/wp-content/uploads/2021/04/Ponyhof.jpeg" alt="Pony im Schnee" class="wp-image-372" srcset="https://www.fast-lebenszeichnend.de/wp-content/uploads/2021/04/Ponyhof.jpeg 640w, https://www.fast-lebenszeichnend.de/wp-content/uploads/2021/04/Ponyhof-300x221.jpeg 300w, https://www.fast-lebenszeichnend.de/wp-content/uploads/2021/04/Ponyhof-500x369.jpeg 500w" sizes="auto, (max-width: 640px) 100vw, 640px" /><figcaption>Quelle: Wikimedia Commons &#8222;<a href="https://commons.wikimedia.org/wiki/File:Alternatieve_arrenslee_met_paard_op_de_ijsbaan_Nova_Zembla_in_Spaarndam._NL-HlmNHA_54006839.JPG">Alternatieve arrenslee met paard op de ijsbaan Nova Zembla in Spaarndam. NL-HlmNHA 54006839.JPG</a>&#8222;</figcaption></figure>
</div>
</div>



<p class="has-subtle-background-color has-primary-background-color has-text-color has-background has-large-font-size">Das Leben ist kein Ponyhof, so sagen es die Harten!<br>Ist mir egal, mich juckt das nicht, ich leg mich in den Garten. <br>Da lieg ich dann bei Eis und Schnee, mit einer Flasche Gin,<br>die schütt ich dann in meinen Tee, Rum hab ich auch schon drin.<br>Und wenn ich wieder nüchtern werd, dann kauf ich mir zum Spaß ein Pferd.</p>



<p class="has-subtle-background-color has-primary-background-color has-text-color has-background has-large-font-size">Vielleicht ist das ja gar nicht doof, das Leben und der Ponyhof!</p>



<p class="has-text-align-right has-subtle-background-color has-primary-background-color has-text-color has-background">GK, April 2021</p>
</div>
</div>



<div class="wp-block-media-text alignfull has-media-on-the-right is-stacked-on-mobile has-background-color has-primary-background-color has-text-color has-background"><figure class="wp-block-media-text__media"><img loading="lazy" decoding="async" width="512" height="512" src="https://blog.kocherscheidt.org/wp-content/uploads/2021/04/logo-1.png" alt="" class="wp-image-57 size-full" srcset="https://www.fast-lebenszeichnend.de/wp-content/uploads/2021/04/logo-1.png 512w, https://www.fast-lebenszeichnend.de/wp-content/uploads/2021/04/logo-1-300x300.png 300w, https://www.fast-lebenszeichnend.de/wp-content/uploads/2021/04/logo-1-150x150.png 150w" sizes="auto, (max-width: 512px) 100vw, 512px" /></figure><div class="wp-block-media-text__content">
<h2 class="wp-block-heading" id="wunschkonzert">Wunschkonzert</h2>



<p class="has-background-color has-primary-background-color has-text-color has-background has-large-font-size">Das Leben ist kein Wunschkonzert, <br>gespielt wird meistens Schlager.<br>Wer glaubt, es könnte schlimmer sein,<br>es hat noch mehr auf Lager.<br></p>



<p>To be continued</p>
</div></div>
</div>



<div class="wp-block-group alignfull has-primary-background-color has-background is-layout-flow wp-block-group-is-layout-flow"></div>

<p>Gedanken fleuchen mir durch zwölf Synapsen, mehr hab ich leider nicht. Drum muss ich hier ein wenig knapsen. Es wird ein Kurzgedicht April 2021 (Quelle Bild: https://www.paradisi.de/anatomie/nerven/synapsen/) Ponyhof&#8230; Das Leben ist kein Ponyhof, so sagen es die Harten!Ist mir egal, mich juckt das nicht, ich leg mich in den Garten. Da lieg ich dann bei [&hellip;]</p>
